{"id":21,"date":"2019-01-17T18:47:53","date_gmt":"2019-01-17T17:47:53","guid":{"rendered":"http:\/\/www.generationenbahnhof.de\/?page_id=21"},"modified":"2025-11-05T23:48:28","modified_gmt":"2025-11-05T22:48:28","slug":"idee","status":"publish","type":"page","link":"https:\/\/www.generationenbahnhof.de\/startseite\/idee\/","title":{"rendered":"Idee"},"content":{"rendered":"<div class=\"fusion-fullwidth fullwidth-box fusion-builder-row-1 nonhundred-percent-fullwidth non-hundred-percent-height-scrolling\" style=\"background-color: rgba(255,255,255,0);background-position: center center;background-repeat: no-repeat;padding-top:0px;padding-right:0px;padding-bottom:0px;padding-left:0px;margin-bottom: 0px;margin-top: 0px;border-width: 0px 0px 0px 0px;border-color:#eae9e9;border-style:solid;\" ><div class=\"fusion-builder-row fusion-row\"><div class=\"fusion-layout-column fusion_builder_column fusion-builder-column-0 fusion_builder_column_1_1 1_1 fusion-one-full fusion-column-first fusion-column-last\" style=\"margin-top:0px;margin-bottom:0px;\"><div class=\"fusion-column-wrapper fusion-flex-column-wrapper-legacy\" style=\"background-position:left top;background-repeat:no-repeat;-webkit-background-size:cover;-moz-background-size:cover;-o-background-size:cover;background-size:cover;padding: 0px 0px 0px 0px;\"><div class=\"fusion-text fusion-text-1\"><h1>B\u00fcrger und Dienstleister Hand in Hand<\/h1>\n<p>Grundgedanke des Generationenbahnhofes ist die Zusammenarbeit von b\u00fcrgerschaftlichem Engagement und professionellen Dienstleistern unter einem Dach. Beide unterst\u00fctzen und bereichern sich gegenseitig. Durch inhaltliche und r\u00e4umliche \u00dcberschneidungen wird so unser gemeinsames Tun f\u00fcr die Menschen vor Ort noch wirksamer.<\/p>\n<\/div><span class=\" fusion-imageframe imageframe-none imageframe-1 hover-type-none\" style=\"margin-right:25px;float:left;\"><img decoding=\"async\" width=\"1500\" height=\"1056\" alt=\"Alter Bahnhof\" title=\"Microsoft PowerPoint &#8211; 2018-06-01 Generationenbahnhof Erlau-hand\" src=\"https:\/\/www.generationenbahnhof.de\/wp-content\/uploads\/2020\/01\/W_Konzeptschema.jpg\" class=\"img-responsive wp-image-446\" srcset=\"https:\/\/www.generationenbahnhof.de\/wp-content\/uploads\/2020\/01\/W_Konzeptschema-200x141.jpg 200w, https:\/\/www.generationenbahnhof.de\/wp-content\/uploads\/2020\/01\/W_Konzeptschema-400x282.jpg 400w, https:\/\/www.generationenbahnhof.de\/wp-content\/uploads\/2020\/01\/W_Konzeptschema-600x422.jpg 600w, https:\/\/www.generationenbahnhof.de\/wp-content\/uploads\/2020\/01\/W_Konzeptschema-800x563.jpg 800w, https:\/\/www.generationenbahnhof.de\/wp-content\/uploads\/2020\/01\/W_Konzeptschema-1200x845.jpg 1200w, https:\/\/www.generationenbahnhof.de\/wp-content\/uploads\/2020\/01\/W_Konzeptschema.jpg 1500w\" sizes=\"(max-width: 800px) 100vw, 1200px\" \/><\/span><div class=\"fusion-text fusion-text-2\"><p><span style=\"font-family: Amatic SC; color: #333333;\"><span style=\"font-size: xx-large;\">B\u00fcrgerbereich<\/span><\/span><\/p>\n<\/div><div class=\"fusion-text fusion-text-3\"><p>In unserem <em><strong>B\u00dcRGERSAAL<\/strong> <\/em>finden regelm\u00e4\u00dfig Veranstaltungen und Angebote im Bereich Kultur, Bildung, Freizeit statt: Erlauer Wohnzimmer (offener Treff), Kartenrunde und Kreativtreff geh\u00f6ren zu den regelm\u00e4\u00dfigen Veranstaltungen. Der Raum dient auch als Ausstellungsraum und wir bieten spannende Vortr\u00e4ge zu verschiedensten Themen an. Wir sind gemeinsam unterwegs &#8211; f\u00fcr ein gutes Leben in Erlau.<\/p>\n<p>Dabei arbeiten wir auch mit vielen weiteren Vereinen der Gemeinde und der Region, der VHS Mittelsachsen, der S\u00e4chs. Landeszentrale f\u00fcr polit. Bildung und Akteuren unserer Region zusammen. Wir m\u00f6chten Begabungen und Talente der Menschen bei uns vor Ort sichtbar machen und die &#8222;Sch\u00e4tze der Region&#8220; heben.<\/p>\n<p>Gemeinsame Veranstaltungen mit den Kitas der Gemeinde und unserer Erlauer Grundschule geh\u00f6ren genau so dazu wie Angebote f\u00fcr die &#8222;\u00e4ltere&#8220; Generation &#8211; und gefeiert wird in unserem B\u00fcrgersaal nat\u00fcrlich auch&#8230;<\/p>\n<p>Im Eingangsbereich finden sich viele Infos zu Veranstaltungen in der Region. Im &#8222;Erlauer B\u00fccherregal&#8220; kann Lesestoff getauscht werden.<\/p>\n<p>Unterm Dach befand sich bis Ende 2024 noch das kleine <em><strong>B\u00dcRGERB\u00dcRO<\/strong><\/em>. Es hatte an 3 Tagen pro Woche offene T\u00fcren und Ohren f\u00fcr die W\u00fcnsche und Bed\u00fcrfnisse, Ideen und Anregungen unserer Einwohner. \u00d6ffnungszeiten: Mo + Di 10-13 Uhr, Mi 10-12 Uhr. Mit dem Ende der LEADER-F\u00f6rderung und dem Wegfall der Koordinatorenstelle im Generationenbahnhof mussten wir es leider aufgeben. Im M\u00e4rz 2025 wurde das Dachgeschoss zu einer Wohnung umgenutzt. Wir sind trotzdem weiterhin f\u00fcr euch da &#8211; per Telefon, Mail und zu allen Veranstaltungen und Treffen im B\u00fcrgerbereich im Bahnhof pers\u00f6nlich vor Ort. Sprecht uns gern an!<\/p>\n<\/div><span class=\" fusion-imageframe imageframe-none imageframe-2 hover-type-none\" style=\"border:7px solid #ffffff;margin-right:25px;float:left;\"><img decoding=\"async\" width=\"2000\" height=\"599\" alt=\"Alter Bahnhof\" title=\"Buergerbereich\" src=\"https:\/\/www.generationenbahnhof.de\/wp-content\/uploads\/2025\/10\/Buergerbereich.jpg\" class=\"img-responsive wp-image-1168\" srcset=\"https:\/\/www.generationenbahnhof.de\/wp-content\/uploads\/2025\/10\/Buergerbereich-200x60.jpg 200w, https:\/\/www.generationenbahnhof.de\/wp-content\/uploads\/2025\/10\/Buergerbereich-400x120.jpg 400w, https:\/\/www.generationenbahnhof.de\/wp-content\/uploads\/2025\/10\/Buergerbereich-600x180.jpg 600w, https:\/\/www.generationenbahnhof.de\/wp-content\/uploads\/2025\/10\/Buergerbereich-800x240.jpg 800w, https:\/\/www.generationenbahnhof.de\/wp-content\/uploads\/2025\/10\/Buergerbereich-1200x359.jpg 1200w, https:\/\/www.generationenbahnhof.de\/wp-content\/uploads\/2025\/10\/Buergerbereich.jpg 2000w\" sizes=\"(max-width: 800px) 100vw, 1200px\" \/><\/span><div class=\"fusion-text fusion-text-4\"><h1><span style=\"font-family: Amatic SC; color: #333333;\"><span style=\"font-size: xx-large;\">Seniorentagespflege<\/span><\/span><\/h1>\n<h1><\/h1>\n<\/div><div class=\"fusion-text fusion-text-5\"><p>T\u00fcr an T\u00fcr zum B\u00fcrgerbereich befindet sich die Seniorentagespflege und nimmt fast das gesamte Erdgeschoss ein. Der ehemalige Wartebereich auf der Gleisseite mit Fahrkartenschalter und Gep\u00e4ckabfertigung ist als &#8222;Wintergarten&#8220; nun der sch\u00f6nste Innenraum im neuen Geb\u00e4ude und dient den G\u00e4sten der Tagespflege als Aufenthaltsbereich. Weiterhin gibt es eine K\u00fcche, Ruheraum, ein modernes Pflegebad und einen gesch\u00fctzten Au\u00dfenbereich. Sie bietet max. 19 Tagespflegeg\u00e4sten Platz.<\/p>\n<\/div><span class=\" fusion-imageframe imageframe-none imageframe-3 hover-type-none\" style=\"border:7px solid #ffffff;margin-right:25px;float:left;\"><img decoding=\"async\" width=\"2000\" height=\"628\" alt=\"Alter Bahnhof\" title=\"Pflege\" src=\"https:\/\/www.generationenbahnhof.de\/wp-content\/uploads\/2025\/10\/Pflege.jpg\" class=\"img-responsive wp-image-1169\" srcset=\"https:\/\/www.generationenbahnhof.de\/wp-content\/uploads\/2025\/10\/Pflege-200x63.jpg 200w, https:\/\/www.generationenbahnhof.de\/wp-content\/uploads\/2025\/10\/Pflege-400x126.jpg 400w, https:\/\/www.generationenbahnhof.de\/wp-content\/uploads\/2025\/10\/Pflege-600x188.jpg 600w, https:\/\/www.generationenbahnhof.de\/wp-content\/uploads\/2025\/10\/Pflege-800x251.jpg 800w, https:\/\/www.generationenbahnhof.de\/wp-content\/uploads\/2025\/10\/Pflege-1200x377.jpg 1200w, https:\/\/www.generationenbahnhof.de\/wp-content\/uploads\/2025\/10\/Pflege.jpg 2000w\" sizes=\"(max-width: 800px) 100vw, 1200px\" \/><\/span><div class=\"fusion-text fusion-text-6\"><h1><span style=\"font-family: Amatic SC; color: #333333;\"><span style=\"font-size: xx-large;\">Zahnarztpraxis<\/span><\/span><\/h1>\n<h1><\/h1>\n<\/div><div class=\"fusion-text fusion-text-7\"><p>Im ehemaligen Wirtschaftsgeb\u00e4ude wurde eine modern ausgestattete, barrierefreie Zahnarztpraxis mit drei Behandlungsr\u00e4umen eingerichtet. Das Zahnarztehepaar Eichler aus D\u00f6beln er\u00f6ffnete hier eine Au\u00dfenstelle und bietet von der Prophylaxe bis zur Implantologie die gesamte zahnmedizinische Bandbreite an.<\/p>\n<\/div><span class=\" fusion-imageframe imageframe-none imageframe-4 hover-type-none\" style=\"border:7px solid #ffffff;margin-right:25px;float:left;\"><img decoding=\"async\" width=\"2000\" height=\"593\" alt=\"Alter Bahnhof\" title=\"Zahnarzt\" src=\"https:\/\/www.generationenbahnhof.de\/wp-content\/uploads\/2025\/10\/Zahnarzt.jpg\" class=\"img-responsive wp-image-1170\" srcset=\"https:\/\/www.generationenbahnhof.de\/wp-content\/uploads\/2025\/10\/Zahnarzt-200x59.jpg 200w, https:\/\/www.generationenbahnhof.de\/wp-content\/uploads\/2025\/10\/Zahnarzt-400x119.jpg 400w, https:\/\/www.generationenbahnhof.de\/wp-content\/uploads\/2025\/10\/Zahnarzt-600x178.jpg 600w, https:\/\/www.generationenbahnhof.de\/wp-content\/uploads\/2025\/10\/Zahnarzt-800x237.jpg 800w, https:\/\/www.generationenbahnhof.de\/wp-content\/uploads\/2025\/10\/Zahnarzt-1200x356.jpg 1200w, https:\/\/www.generationenbahnhof.de\/wp-content\/uploads\/2025\/10\/Zahnarzt.jpg 2000w\" sizes=\"(max-width: 800px) 100vw, 1200px\" \/><\/span><div class=\"fusion-text fusion-text-8\"><h1><span style=\"font-family: Amatic SC; color: #333333;\"><span style=\"font-size: xx-large;\">Au\u00dfenbereich<\/span><\/span><\/h1>\n<h1><\/h1>\n<\/div><div class=\"fusion-text fusion-text-9\"><p>Der gesamte Au\u00dfenbereich wurde neu gefasst und gestaltet. Pendler und Zugreisende k\u00f6nnen am Zugang zur Bahn parken. Der Vorplatz des Geb\u00e4udes wurde als \u00f6ffentlicher Platz ausgebildet.<\/p>\n<\/div><span class=\" fusion-imageframe imageframe-none imageframe-5 hover-type-none\" style=\"border:7px solid #ffffff;margin-right:25px;float:left;\"><img decoding=\"async\" width=\"2000\" height=\"640\" alt=\"Alter Bahnhof\" title=\"Aussenbereich\" src=\"https:\/\/www.generationenbahnhof.de\/wp-content\/uploads\/2025\/10\/Aussenbereich.jpg\" class=\"img-responsive wp-image-1167\" srcset=\"https:\/\/www.generationenbahnhof.de\/wp-content\/uploads\/2025\/10\/Aussenbereich-200x64.jpg 200w, https:\/\/www.generationenbahnhof.de\/wp-content\/uploads\/2025\/10\/Aussenbereich-400x128.jpg 400w, https:\/\/www.generationenbahnhof.de\/wp-content\/uploads\/2025\/10\/Aussenbereich-600x192.jpg 600w, https:\/\/www.generationenbahnhof.de\/wp-content\/uploads\/2025\/10\/Aussenbereich-800x256.jpg 800w, https:\/\/www.generationenbahnhof.de\/wp-content\/uploads\/2025\/10\/Aussenbereich-1200x384.jpg 1200w, https:\/\/www.generationenbahnhof.de\/wp-content\/uploads\/2025\/10\/Aussenbereich.jpg 2000w\" sizes=\"(max-width: 800px) 100vw, 1200px\" \/><\/span><div class=\"fusion-clearfix\"><\/div><\/div><\/div><\/div><\/div>\n","protected":false},"excerpt":{"rendered":"","protected":false},"author":1,"featured_media":0,"parent":0,"menu_order":0,"comment_status":"closed","ping_status":"closed","template":"","meta":{"footnotes":""},"class_list":["post-21","page","type-page","status-publish","hentry"],"_links":{"self":[{"href":"https:\/\/www.generationenbahnhof.de\/startseite\/wp-json\/wp\/v2\/pages\/21","targetHints":{"allow":["GET"]}}],"collection":[{"href":"https:\/\/www.generationenbahnhof.de\/startseite\/wp-json\/wp\/v2\/pages"}],"about":[{"href":"https:\/\/www.generationenbahnhof.de\/startseite\/wp-json\/wp\/v2\/types\/page"}],"author":[{"embeddable":true,"href":"https:\/\/www.generationenbahnhof.de\/startseite\/wp-json\/wp\/v2\/users\/1"}],"replies":[{"embeddable":true,"href":"https:\/\/www.generationenbahnhof.de\/startseite\/wp-json\/wp\/v2\/comments?post=21"}],"version-history":[{"count":57,"href":"https:\/\/www.generationenbahnhof.de\/startseite\/wp-json\/wp\/v2\/pages\/21\/revisions"}],"predecessor-version":[{"id":1199,"href":"https:\/\/www.generationenbahnhof.de\/startseite\/wp-json\/wp\/v2\/pages\/21\/revisions\/1199"}],"wp:attachment":[{"href":"https:\/\/www.generationenbahnhof.de\/startseite\/wp-json\/wp\/v2\/media?parent=21"}],"curies":[{"name":"wp","href":"https:\/\/api.w.org\/{rel}","templated":true}]}}

<div class="fusion-fullwidth fullwidth-box fusion-builder-row-1 nonhundred-percent-fullwidth non-hundred-percent-height-scrolling" style="background-color: rgba(255,255,255,0);background-position: center center;background-repeat: no-repeat;padding-top:0px;padding-right:0px;padding-bottom:0px;padding-left:0px;margin-bottom: 0px;margin-top: 0px;border-width: 0px 0px 0px 0px;border-color:#eae9e9;border-style:solid;" ><div class="fusion-builder-row fusion-row"><div class="fusion-layout-column fusion_builder_column fusion-builder-column-0 fusion_builder_column_1_1 1_1 fusion-one-full fusion-column-first fusion-column-last" style="margin-top:0px;margin-bottom:0px;"><div class="fusion-column-wrapper fusion-flex-column-wrapper-legacy" style="background-position:left top;background-repeat:no-repeat;-webkit-background-size:cover;-moz-background-size:cover;-o-background-size:cover;background-size:cover;padding: 0px 0px 0px 0px;"><div class="fusion-text fusion-text-1"><h1>Bürger und Dienstleister Hand in Hand</h1>
<p>Grundgedanke des Generationenbahnhofes ist die Zusammenarbeit von bürgerschaftlichem Engagement und professionellen Dienstleistern unter einem Dach. Beide unterstützen und bereichern sich gegenseitig. Durch inhaltliche und räumliche Überschneidungen wird so unser gemeinsames Tun für die Menschen vor Ort noch wirksamer.</p>
</div><span class=" fusion-imageframe imageframe-none imageframe-1 hover-type-none" style="margin-right:25px;float:left;"><img decoding="async" width="1500" height="1056" alt="Alter Bahnhof" title="Microsoft PowerPoint &#8211; 2018-06-01 Generationenbahnhof Erlau-hand" src="https://www.generationenbahnhof.de/wp-content/uploads/2020/01/W_Konzeptschema.jpg" class="img-responsive wp-image-446" srcset="https://www.generationenbahnhof.de/wp-content/uploads/2020/01/W_Konzeptschema-200x141.jpg 200w, https://www.generationenbahnhof.de/wp-content/uploads/2020/01/W_Konzeptschema-400x282.jpg 400w, https://www.generationenbahnhof.de/wp-content/uploads/2020/01/W_Konzeptschema-600x422.jpg 600w, https://www.generationenbahnhof.de/wp-content/uploads/2020/01/W_Konzeptschema-800x563.jpg 800w, https://www.generationenbahnhof.de/wp-content/uploads/2020/01/W_Konzeptschema-1200x845.jpg 1200w, https://www.generationenbahnhof.de/wp-content/uploads/2020/01/W_Konzeptschema.jpg 1500w" sizes="(max-width: 800px) 100vw, 1200px" /></span><div class="fusion-text fusion-text-2"><p><span style="font-family: Amatic SC; color: #333333;"><span style="font-size: xx-large;">Bürgerbereich</span></span></p>
</div><div class="fusion-text fusion-text-3"><p>In unserem <em><strong>BÜRGERSAAL</strong> </em>finden regelmäßig Veranstaltungen und Angebote im Bereich Kultur, Bildung, Freizeit statt: Erlauer Wohnzimmer (offener Treff), Kartenrunde und Kreativtreff gehören zu den regelmäßigen Veranstaltungen. Der Raum dient auch als Ausstellungsraum und wir bieten spannende Vorträge zu verschiedensten Themen an. Wir sind gemeinsam unterwegs &#8211; für ein gutes Leben in Erlau.</p>
<p>Dabei arbeiten wir auch mit vielen weiteren Vereinen der Gemeinde und der Region, der VHS Mittelsachsen, der Sächs. Landeszentrale für polit. Bildung und Akteuren unserer Region zusammen. Wir möchten Begabungen und Talente der Menschen bei uns vor Ort sichtbar machen und die &#8222;Schätze der Region&#8220; heben.</p>
<p>Gemeinsame Veranstaltungen mit den Kitas der Gemeinde und unserer Erlauer Grundschule gehören genau so dazu wie Angebote für die &#8222;ältere&#8220; Generation &#8211; und gefeiert wird in unserem Bürgersaal natürlich auch&#8230;</p>
<p>Im Eingangsbereich finden sich viele Infos zu Veranstaltungen in der Region. Im &#8222;Erlauer Bücherregal&#8220; kann Lesestoff getauscht werden.</p>
<p>Unterm Dach befand sich bis Ende 2024 noch das kleine <em><strong>BÜRGERBÜRO</strong></em>. Es hatte an 3 Tagen pro Woche offene Türen und Ohren für die Wünsche und Bedürfnisse, Ideen und Anregungen unserer Einwohner. Öffnungszeiten: Mo + Di 10-13 Uhr, Mi 10-12 Uhr. Mit dem Ende der LEADER-Förderung und dem Wegfall der Koordinatorenstelle im Generationenbahnhof mussten wir es leider aufgeben. Im März 2025 wurde das Dachgeschoss zu einer Wohnung umgenutzt. Wir sind trotzdem weiterhin für euch da &#8211; per Telefon, Mail und zu allen Veranstaltungen und Treffen im Bürgerbereich im Bahnhof persönlich vor Ort. Sprecht uns gern an!</p>
</div><span class=" fusion-imageframe imageframe-none imageframe-2 hover-type-none" style="border:7px solid #ffffff;margin-right:25px;float:left;"><img decoding="async" width="2000" height="599" alt="Alter Bahnhof" title="Buergerbereich" src="https://www.generationenbahnhof.de/wp-content/uploads/2025/10/Buergerbereich.jpg" class="img-responsive wp-image-1168" srcset="https://www.generationenbahnhof.de/wp-content/uploads/2025/10/Buergerbereich-200x60.jpg 200w, https://www.generationenbahnhof.de/wp-content/uploads/2025/10/Buergerbereich-400x120.jpg 400w, https://www.generationenbahnhof.de/wp-content/uploads/2025/10/Buergerbereich-600x180.jpg 600w, https://www.generationenbahnhof.de/wp-content/uploads/2025/10/Buergerbereich-800x240.jpg 800w, https://www.generationenbahnhof.de/wp-content/uploads/2025/10/Buergerbereich-1200x359.jpg 1200w, https://www.generationenbahnhof.de/wp-content/uploads/2025/10/Buergerbereich.jpg 2000w" sizes="(max-width: 800px) 100vw, 1200px" /></span><div class="fusion-text fusion-text-4"><h1><span style="font-family: Amatic SC; color: #333333;"><span style="font-size: xx-large;">Seniorentagespflege</span></span></h1>
<h1></h1>
</div><div class="fusion-text fusion-text-5"><p>Tür an Tür zum Bürgerbereich befindet sich die Seniorentagespflege und nimmt fast das gesamte Erdgeschoss ein. Der ehemalige Wartebereich auf der Gleisseite mit Fahrkartenschalter und Gepäckabfertigung ist als &#8222;Wintergarten&#8220; nun der schönste Innenraum im neuen Gebäude und dient den Gästen der Tagespflege als Aufenthaltsbereich. Weiterhin gibt es eine Küche, Ruheraum, ein modernes Pflegebad und einen geschützten Außenbereich. Sie bietet max. 19 Tagespflegegästen Platz.</p>
</div><span class=" fusion-imageframe imageframe-none imageframe-3 hover-type-none" style="border:7px solid #ffffff;margin-right:25px;float:left;"><img decoding="async" width="2000" height="628" alt="Alter Bahnhof" title="Pflege" src="https://www.generationenbahnhof.de/wp-content/uploads/2025/10/Pflege.jpg" class="img-responsive wp-image-1169" srcset="https://www.generationenbahnhof.de/wp-content/uploads/2025/10/Pflege-200x63.jpg 200w, https://www.generationenbahnhof.de/wp-content/uploads/2025/10/Pflege-400x126.jpg 400w, https://www.generationenbahnhof.de/wp-content/uploads/2025/10/Pflege-600x188.jpg 600w, https://www.generationenbahnhof.de/wp-content/uploads/2025/10/Pflege-800x251.jpg 800w, https://www.generationenbahnhof.de/wp-content/uploads/2025/10/Pflege-1200x377.jpg 1200w, https://www.generationenbahnhof.de/wp-content/uploads/2025/10/Pflege.jpg 2000w" sizes="(max-width: 800px) 100vw, 1200px" /></span><div class="fusion-text fusion-text-6"><h1><span style="font-family: Amatic SC; color: #333333;"><span style="font-size: xx-large;">Zahnarztpraxis</span></span></h1>
<h1></h1>
</div><div class="fusion-text fusion-text-7"><p>Im ehemaligen Wirtschaftsgebäude wurde eine modern ausgestattete, barrierefreie Zahnarztpraxis mit drei Behandlungsräumen eingerichtet. Das Zahnarztehepaar Eichler aus Döbeln eröffnete hier eine Außenstelle und bietet von der Prophylaxe bis zur Implantologie die gesamte zahnmedizinische Bandbreite an.</p>
</div><span class=" fusion-imageframe imageframe-none imageframe-4 hover-type-none" style="border:7px solid #ffffff;margin-right:25px;float:left;"><img decoding="async" width="2000" height="593" alt="Alter Bahnhof" title="Zahnarzt" src="https://www.generationenbahnhof.de/wp-content/uploads/2025/10/Zahnarzt.jpg" class="img-responsive wp-image-1170" srcset="https://www.generationenbahnhof.de/wp-content/uploads/2025/10/Zahnarzt-200x59.jpg 200w, https://www.generationenbahnhof.de/wp-content/uploads/2025/10/Zahnarzt-400x119.jpg 400w, https://www.generationenbahnhof.de/wp-content/uploads/2025/10/Zahnarzt-600x178.jpg 600w, https://www.generationenbahnhof.de/wp-content/uploads/2025/10/Zahnarzt-800x237.jpg 800w, https://www.generationenbahnhof.de/wp-content/uploads/2025/10/Zahnarzt-1200x356.jpg 1200w, https://www.generationenbahnhof.de/wp-content/uploads/2025/10/Zahnarzt.jpg 2000w" sizes="(max-width: 800px) 100vw, 1200px" /></span><div class="fusion-text fusion-text-8"><h1><span style="font-family: Amatic SC; color: #333333;"><span style="font-size: xx-large;">Außenbereich</span></span></h1>
<h1></h1>
</div><div class="fusion-text fusion-text-9"><p>Der gesamte Außenbereich wurde neu gefasst und gestaltet. Pendler und Zugreisende können am Zugang zur Bahn parken. Der Vorplatz des Gebäudes wurde als öffentlicher Platz ausgebildet.</p>
</div><span class=" fusion-imageframe imageframe-none imageframe-5 hover-type-none" style="border:7px solid #ffffff;margin-right:25px;float:left;"><img decoding="async" width="2000" height="640" alt="Alter Bahnhof" title="Aussenbereich" src="https://www.generationenbahnhof.de/wp-content/uploads/2025/10/Aussenbereich.jpg" class="img-responsive wp-image-1167" srcset="https://www.generationenbahnhof.de/wp-content/uploads/2025/10/Aussenbereich-200x64.jpg 200w, https://www.generationenbahnhof.de/wp-content/uploads/2025/10/Aussenbereich-400x128.jpg 400w, https://www.generationenbahnhof.de/wp-content/uploads/2025/10/Aussenbereich-600x192.jpg 600w, https://www.generationenbahnhof.de/wp-content/uploads/2025/10/Aussenbereich-800x256.jpg 800w, https://www.generationenbahnhof.de/wp-content/uploads/2025/10/Aussenbereich-1200x384.jpg 1200w, https://www.generationenbahnhof.de/wp-content/uploads/2025/10/Aussenbereich.jpg 2000w" sizes="(max-width: 800px) 100vw, 1200px" /></span><div class="fusion-clearfix"></div></div></div></div></div>
