{"id":25,"date":"2019-01-18T08:27:52","date_gmt":"2019-01-18T07:27:52","guid":{"rendered":"http:\/\/www.generationenbahnhof.de\/?page_id=25"},"modified":"2025-10-16T12:21:00","modified_gmt":"2025-10-16T10:21:00","slug":"kontakt","status":"publish","type":"page","link":"https:\/\/www.generationenbahnhof.de\/startseite\/kontakt\/","title":{"rendered":"Kontakt \/ Verein"},"content":{"rendered":"<div class=\"fusion-fullwidth fullwidth-box fusion-builder-row-1 nonhundred-percent-fullwidth non-hundred-percent-height-scrolling\" style=\"background-color: rgba(255,255,255,0);background-position: center center;background-repeat: no-repeat;padding-top:0px;padding-right:0px;padding-bottom:0px;padding-left:0px;margin-bottom: 0px;margin-top: 0px;border-width: 0px 0px 0px 0px;border-color:#eae9e9;border-style:solid;\" ><div class=\"fusion-builder-row fusion-row\"><div class=\"fusion-layout-column fusion_builder_column fusion-builder-column-0 fusion_builder_column_1_1 1_1 fusion-one-full fusion-column-first fusion-column-last\" style=\"margin-top:0px;margin-bottom:0px;\"><div class=\"fusion-column-wrapper fusion-flex-column-wrapper-legacy\" style=\"background-position:left top;background-repeat:no-repeat;-webkit-background-size:cover;-moz-background-size:cover;-o-background-size:cover;background-size:cover;padding: 0px 0px 0px 0px;\"><div class=\"fusion-text fusion-text-1\"><h1><span style=\"color: #000000;\">Generationenbahnhof Erlau<\/span><\/h1>\n<p>B\u00fcrgerzentrum | Seniorentagespflege | Zahnarztpraxis<br \/>\nAm Bahnhof 1, 09306 Erlau<\/p>\n<h2><span style=\"color: #ac2e34;\">Generationenbahnhof Erlau e.V.<\/span><\/h2>\n<p>Mail <a href=\"mailto:verein@generationenbahnhof.de\" target=\"_blank\" rel=\"noopener noreferrer\">verein(at)generationenbahnhof.de<\/a><\/p>\n<p><strong>Jana Ahnert &#8211; Vereinsvorsitzende<\/strong><\/p>\n<p>Tel 0173-39 19 281<br \/>\nMail <a href=\"mailto:jana.ahnert@generationenbahnhof.de\" target=\"_blank\" rel=\"noopener noreferrer\">jana.ahnert(at)generationenbahnhof.de<\/a><\/p>\n<h2><span style=\"color: #ac2e34;\">Tagespflege &#8222;Generationenbahnhof&#8220;<\/span><\/h2>\n<p>Tel. 03727-999 84 20<br \/>\nMail <a href=\"mailto:tagespflege-erlau@europlussenioren.de\" target=\"_blank\" rel=\"noopener\">tagespflege-erlau(at)europlussenioren.de<\/a><br \/>\nWeb: <a href=\"https:\/\/tagespflege-erlau.de\/\" target=\"_blank\" rel=\"noopener\">https:\/\/tagespflege-erlau.de\/<\/a><\/p>\n<h2><span style=\"color: #ac2e34;\">Zahnarztpraxis<\/span><\/h2>\n<p>Zahn\u00e4rztliche Gemeinschaftspraxis Dres. Eichler<br \/>\nAm Bahnhof 7<br \/>\n09306 Erlau<br \/>\nTel 03727-999 49 40<br \/>\nFax 03727-999 49 42<br \/>\nMail <a href=\"mailto:erlau@zahnarzt-eichler.de\" target=\"_blank\" rel=\"noopener noreferrer\">erlau(at)zahnarzt-eichler.de<\/a><br \/>\nWeb <a href=\"https:\/\/www.zahnarzt-eichler.de\/\" target=\"_blank\" rel=\"noopener noreferrer\">www.zahnarzt-eichler.de<\/a><\/p>\n<\/div><div class=\"fusion-text fusion-text-2\"><p><b style=\"font-size: 18px;\" data-fusion-font=\"true\"><i><span style=\"color: #a33000;\">Vereinsgeschichte<\/span><\/i><\/b><\/p>\n<p>Unser Verein <em><strong>Generationenbahnhof Erlau e.V.<\/strong><\/em> gr\u00fcndete sich im Mai 2014 mit dem Ziel, das ehemalige Erlauer Bahnhofsgeb\u00e4ude zu retten. Wir wollten unser charmantes, altes, ortsbildpr\u00e4gendes, jedoch sehr desolates Geb\u00e4udeensemble vor dem Verfall bewahren und eine neue sinnvolle Nutzung daf\u00fcr finden. Es sollte ein neues Ortszentrum mit Angeboten f\u00fcr alle Generationen geschaffen werden.<\/p>\n<p>Aus unserem Traum ist Wirklichkeit geworden: Seit 2017 betreibt der Verein den neu enstandenen \u00f6ffentlichen &#8222;B\u00fcrgerbereich&#8220; und ein B\u00fcrgerb\u00fcro im Generationenbahnhof Erlau. Wir wollen ein gutes Miteinander im l\u00e4ndlichen Raum erm\u00f6glichen und f\u00f6rdern.<\/p>\n<\/div><div class=\"fusion-text fusion-text-3\"><p>Der Verein hat ca. 30 Mitglieder (Stand Januar 2025).<\/p>\n<p><em><strong style=\"font-size: 18px; color: #a33000;\" data-fusion-font=\"true\">Vorstand<\/strong><\/em><\/p>\n<p>Jana Ahnert &#8211; Vorsitzende<br \/>\nDietmar Mei\u00dfner &#8211; stellv. Vorsitzender<br \/>\nDoreen Mroczek &#8211; Schatzmeisterin<\/p>\n<p><b style=\"font-size: 18px; letter-spacing: normal;\" data-fusion-font=\"true\"><i><span style=\"color: #a33000;\">Meilensteine, Preise und F\u00f6rderungen<\/span><\/i><\/b><\/p>\n<\/div><div class=\"fusion-text fusion-text-4\"><p><em><strong>22.05.2014<\/strong> <\/em>Gr\u00fcndungsversammlung und Vereinsgr\u00fcndung Generationenbahnhof Erlau e.V. aus der Interessengemeinschaft &#8222;Bahnhof Erlau&#8220; heraus<\/p>\n<p><em><strong>2014-2015<\/strong> <\/em>Entwicklung inhaltliches Konzept Generationenbahnhof<\/p>\n<p><em><strong>2015-2017<\/strong> <\/em>F\u00f6rderprogramm &#8222;Neulandgewinner&#8220; (2. F\u00f6rderrunde): Inhaltlicher Aufbau des B\u00fcrgerbereiches im Generationenbahnhof, <a style=\"background-color: rgba(255, 255, 255, 0); font-family: var(--body_typography-font-family); font-size: var(--body_typography-font-size); font-style: var(--body_typography-font-style,normal); font-weight: var(--body_typography-font-weight); letter-spacing: var(--body_typography-letter-spacing);\" href=\"https:\/\/www.neulandgewinner.de\/\" target=\"_blank\" rel=\"noopener noreferrer\">www.neulandgewinner.de<\/a><\/p>\n<p><em><strong>2015-2017<\/strong> <\/em>ma\u00dfgebliche Rolle bei Vernetzung, B\u00fcrgerbeteiligung, Vertretung der Nutzerinteressen im Planungs- und Sanierungsprozess<\/p>\n<p><em><strong>ab Sept. 2017<\/strong> <\/em>Betrieb des B\u00fcrgerbereiches im Generationenbahnhof mit B\u00fcrgerb\u00fcro (2019: ca. 100 Veranstaltungen, ca. 2200 G\u00e4ste) in Zusammenarbeit mit weiteren Vereinen und Akteuren der Gemeinde und der Region<\/p>\n<p><em><strong>2017-2020<\/strong><\/em> F\u00f6rderung Modellvorhaben &#8222;Regionalit\u00e4t und Mehrfunktionsh\u00e4user&#8220; des BLE, <a style=\"background-color: rgba(255, 255, 255, 0); font-family: var(--body_typography-font-family); font-size: var(--body_typography-font-size); font-style: var(--body_typography-font-style,normal); font-weight: var(--body_typography-font-weight); letter-spacing: var(--body_typography-letter-spacing);\" href=\"https:\/\/www.bmel.de\/DE\/Laendliche-Raeume\/BULE\/zukunftsfelder\/_texte\/Mehrfunktionshaus_Regionalitaet.html\" target=\"_blank\" rel=\"noopener noreferrer\">www.bmel.de\/DE\/Laendliche-Raeume\/BULE<\/a><\/p>\n<p><em><strong>April 2019<\/strong> <\/em>1. Preis Vereinswettbewerb &#8222;Wir f\u00fcr die Region&#8220; mit der Idee &#8222;Erlau spielt&#8220;<\/p>\n<p><em><strong>November 2019<\/strong> <\/em>S\u00e4chsicher B\u00fcrgerpreis &#8211; Kategorie &#8222;Miteinander st\u00e4rken &#8211; Land gestalten (Demokratie)&#8220;, <a style=\"background-color: rgba(255, 255, 255, 0); font-family: var(--body_typography-font-family); font-size: var(--body_typography-font-size); font-style: var(--body_typography-font-style,normal); font-weight: var(--body_typography-font-weight); letter-spacing: var(--body_typography-letter-spacing);\" href=\"https:\/\/www.freistaat.sachsen.de\/buergerpreis.htm\" target=\"_blank\" rel=\"noopener noreferrer\">www.freistaat.sachsen.de\/buergerpreis<\/a><\/p>\n<p><em><strong>November 2019<\/strong> <\/em>3. Preis S\u00e4chs. Landeswettbewerb L\u00e4ndliches Bauen &#8211; Kategorie \u00d6ffentliche Bauten, <a style=\"background-color: rgba(255, 255, 255, 0); font-family: var(--body_typography-font-family); font-size: var(--body_typography-font-size); font-style: var(--body_typography-font-style,normal); font-weight: var(--body_typography-font-weight); letter-spacing: var(--body_typography-letter-spacing);\" href=\"https:\/\/www.laendlicher-raum.sachsen.de\/2899.htm\" target=\"_blank\" rel=\"noopener noreferrer\">www.laendlicher-raum.sachsen.de\/2899<\/a><\/p>\n<p><em><strong>2020 <\/strong><\/em>Preis im Vereinswettbewerb &#8222;Wir f\u00fcr die Region&#8220; mit der Idee &#8222;K\u00fcchen-Geschichten aufgetischt&#8220;<\/p>\n<p><em><strong>2022 <\/strong><\/em>Preis im Vereinswettbewerb &#8222;Wir f\u00fcr die Region&#8220; mit der Idee &#8222;Erlau unterwegs &#8211; Wandern VEREIN(t)&#8220;<\/p>\n<p><em><strong>September 2022 &#8211; Dezember 2024<\/strong> <\/em>LEADER-Vorhaben &#8222;Engagiert f\u00fcr gutes (Land)Leben&#8220;, <a href=\"https:\/\/www.smekul.sachsen.de\/foerderung\/eler-foerderung-in-sachsen-2014-2020-6257.html\" target=\"_blank\" rel=\"noopener noreferrer\">https:\/\/www.smekul.sachsen.de\/foerderung\/eler-foerderung-in-sachsen-2014-2020-6257.html<\/a><\/p>\n<p><em><strong>seit 01.01.2025 <\/strong><\/em>Betrieb des B\u00fcrgerbereiches im Ehrenamt | B\u00fcrgerb\u00fcro entf\u00e4llt<\/p>\n<p><em><strong>April &#8211; Oktober 2025 <\/strong><\/em>F\u00f6rdervorhaben BULEplus Wissenstransfer des BMLEH, <a href=\"https:\/\/land-zukunft.de\/\" target=\"_blank\" rel=\"noopener\">https:\/\/land-zukunft.de\/<\/a><\/p>\n<p style=\"font-size: 18px;\" data-fusion-font=\"true\"><b style=\"color: #a33000;\">Satzung<\/b><\/p>\n<\/div><div class=\"fusion-align-block\"><style type=\"text\/css\">.fusion-button.button-1 .fusion-button-text, .fusion-button.button-1 i {color:#ffffff;}.fusion-button.button-1 .fusion-button-icon-divider{border-color:#ffffff;}.fusion-button.button-1:hover .fusion-button-text, .fusion-button.button-1:hover i,.fusion-button.button-1:focus .fusion-button-text, .fusion-button.button-1:focus i,.fusion-button.button-1:active .fusion-button-text, .fusion-button.button-1:active{color:#ffffff;}.fusion-button.button-1:hover .fusion-button-icon-divider, .fusion-button.button-1:hover .fusion-button-icon-divider, .fusion-button.button-1:active .fusion-button-icon-divider{border-color:#ffffff;}.fusion-button.button-1:hover, .fusion-button.button-1:focus, .fusion-button.button-1:active{border-color:#ffffff;border-width:5px;}.fusion-button.button-1 {border-color:#ffffff;border-width:5px;border-radius:2px;}.fusion-button.button-1{background: #cecece;}.fusion-button.button-1:hover,.button-1:focus,.fusion-button.button-1:active{background: #c1c1c1;}<\/style><a class=\"fusion-button button-flat button-medium button-custom button-1 fusion-button-span-yes fusion-button-default-type\" target=\"_blank\" rel=\"noopener noreferrer\" title=\"Satzung\" href=\"https:\/\/www.generationenbahnhof.de\/wp-content\/uploads\/2020\/01\/Satzung.pdf\"><span class=\"fusion-button-icon-divider button-icon-divider-left\"><i class=\"fa-file-download fas\" aria-hidden=\"true\"><\/i><\/span><span class=\"fusion-button-text fusion-button-text-left\">Satzung Generationenbahnhof Erlau e.V.<\/span><\/a><\/div><div class=\"fusion-text fusion-text-5\"><p><span style=\"font-size: 18px;\" data-fusion-font=\"true\"><b>\u00a0<\/b><\/span><\/p>\n<p><span style=\"font-size: 18px;\" data-fusion-font=\"true\"><b style=\"color: #a33000;\">Mitgliedsantrag<\/b><\/span><\/p>\n<\/div><div class=\"fusion-align-block\"><style type=\"text\/css\">.fusion-button.button-2 .fusion-button-text, .fusion-button.button-2 i {color:#ffffff;}.fusion-button.button-2 .fusion-button-icon-divider{border-color:#ffffff;}.fusion-button.button-2:hover .fusion-button-text, .fusion-button.button-2:hover i,.fusion-button.button-2:focus .fusion-button-text, .fusion-button.button-2:focus i,.fusion-button.button-2:active .fusion-button-text, .fusion-button.button-2:active{color:#ffffff;}.fusion-button.button-2:hover .fusion-button-icon-divider, .fusion-button.button-2:hover .fusion-button-icon-divider, .fusion-button.button-2:active .fusion-button-icon-divider{border-color:#ffffff;}.fusion-button.button-2:hover, .fusion-button.button-2:focus, .fusion-button.button-2:active{border-color:#ffffff;border-width:5px;}.fusion-button.button-2 {border-color:#ffffff;border-width:5px;border-radius:2px;}.fusion-button.button-2{background: #cecece;}.fusion-button.button-2:hover,.button-2:focus,.fusion-button.button-2:active{background: #c1c1c1;}.fusion-button.button-2 .fusion-button-text {text-transform:uppercase;}<\/style><a class=\"fusion-button button-flat button-medium button-custom button-2 fusion-button-span-yes fusion-button-default-type\" target=\"_blank\" rel=\"noopener noreferrer\" href=\"https:\/\/www.generationenbahnhof.de\/wp-content\/uploads\/2020\/01\/Mitgliedsantrag-2020.pdf\"><span class=\"fusion-button-icon-divider button-icon-divider-left\"><i class=\"fa-file-download fas\" aria-hidden=\"true\"><\/i><\/span><span class=\"fusion-button-text fusion-button-text-left\">Mitgliedsantrag<\/span><\/a><\/div><div class=\"fusion-clearfix\"><\/div><\/div><\/div><\/div><\/div>\n","protected":false},"excerpt":{"rendered":"","protected":false},"author":1,"featured_media":0,"parent":0,"menu_order":0,"comment_status":"closed","ping_status":"closed","template":"","meta":{"footnotes":""},"class_list":["post-25","page","type-page","status-publish","hentry"],"_links":{"self":[{"href":"https:\/\/www.generationenbahnhof.de\/startseite\/wp-json\/wp\/v2\/pages\/25","targetHints":{"allow":["GET"]}}],"collection":[{"href":"https:\/\/www.generationenbahnhof.de\/startseite\/wp-json\/wp\/v2\/pages"}],"about":[{"href":"https:\/\/www.generationenbahnhof.de\/startseite\/wp-json\/wp\/v2\/types\/page"}],"author":[{"embeddable":true,"href":"https:\/\/www.generationenbahnhof.de\/startseite\/wp-json\/wp\/v2\/users\/1"}],"replies":[{"embeddable":true,"href":"https:\/\/www.generationenbahnhof.de\/startseite\/wp-json\/wp\/v2\/comments?post=25"}],"version-history":[{"count":45,"href":"https:\/\/www.generationenbahnhof.de\/startseite\/wp-json\/wp\/v2\/pages\/25\/revisions"}],"predecessor-version":[{"id":1098,"href":"https:\/\/www.generationenbahnhof.de\/startseite\/wp-json\/wp\/v2\/pages\/25\/revisions\/1098"}],"wp:attachment":[{"href":"https:\/\/www.generationenbahnhof.de\/startseite\/wp-json\/wp\/v2\/media?parent=25"}],"curies":[{"name":"wp","href":"https:\/\/api.w.org\/{rel}","templated":true}]}}

<div class="fusion-fullwidth fullwidth-box fusion-builder-row-1 nonhundred-percent-fullwidth non-hundred-percent-height-scrolling" style="background-color: rgba(255,255,255,0);background-position: center center;background-repeat: no-repeat;padding-top:0px;padding-right:0px;padding-bottom:0px;padding-left:0px;margin-bottom: 0px;margin-top: 0px;border-width: 0px 0px 0px 0px;border-color:#eae9e9;border-style:solid;" ><div class="fusion-builder-row fusion-row"><div class="fusion-layout-column fusion_builder_column fusion-builder-column-0 fusion_builder_column_1_1 1_1 fusion-one-full fusion-column-first fusion-column-last" style="margin-top:0px;margin-bottom:0px;"><div class="fusion-column-wrapper fusion-flex-column-wrapper-legacy" style="background-position:left top;background-repeat:no-repeat;-webkit-background-size:cover;-moz-background-size:cover;-o-background-size:cover;background-size:cover;padding: 0px 0px 0px 0px;"><div class="fusion-text fusion-text-1"><h1><span style="color: #000000;">Generationenbahnhof Erlau</span></h1>
<p>Bürgerzentrum | Seniorentagespflege | Zahnarztpraxis<br />
Am Bahnhof 1, 09306 Erlau</p>
<h2><span style="color: #ac2e34;">Generationenbahnhof Erlau e.V.</span></h2>
<p>Mail <a href="mailto:verein@generationenbahnhof.de" target="_blank" rel="noopener noreferrer">verein(at)generationenbahnhof.de</a></p>
<p><strong>Jana Ahnert &#8211; Vereinsvorsitzende</strong></p>
<p>Tel 0173-39 19 281<br />
Mail <a href="mailto:jana.ahnert@generationenbahnhof.de" target="_blank" rel="noopener noreferrer">jana.ahnert(at)generationenbahnhof.de</a></p>
<h2><span style="color: #ac2e34;">Tagespflege &#8222;Generationenbahnhof&#8220;</span></h2>
<p>Tel. 03727-999 84 20<br />
Mail <a href="mailto:tagespflege-erlau@europlussenioren.de" target="_blank" rel="noopener">tagespflege-erlau(at)europlussenioren.de</a><br />
Web: <a href="https://tagespflege-erlau.de/" target="_blank" rel="noopener">https://tagespflege-erlau.de/</a></p>
<h2><span style="color: #ac2e34;">Zahnarztpraxis</span></h2>
<p>Zahnärztliche Gemeinschaftspraxis Dres. Eichler<br />
Am Bahnhof 7<br />
09306 Erlau<br />
Tel 03727-999 49 40<br />
Fax 03727-999 49 42<br />
Mail <a href="mailto:erlau@zahnarzt-eichler.de" target="_blank" rel="noopener noreferrer">erlau(at)zahnarzt-eichler.de</a><br />
Web <a href="https://www.zahnarzt-eichler.de/" target="_blank" rel="noopener noreferrer">www.zahnarzt-eichler.de</a></p>
</div><div class="fusion-text fusion-text-2"><p><b style="font-size: 18px;" data-fusion-font="true"><i><span style="color: #a33000;">Vereinsgeschichte</span></i></b></p>
<p>Unser Verein <em><strong>Generationenbahnhof Erlau e.V.</strong></em> gründete sich im Mai 2014 mit dem Ziel, das ehemalige Erlauer Bahnhofsgebäude zu retten. Wir wollten unser charmantes, altes, ortsbildprägendes, jedoch sehr desolates Gebäudeensemble vor dem Verfall bewahren und eine neue sinnvolle Nutzung dafür finden. Es sollte ein neues Ortszentrum mit Angeboten für alle Generationen geschaffen werden.</p>
<p>Aus unserem Traum ist Wirklichkeit geworden: Seit 2017 betreibt der Verein den neu enstandenen öffentlichen &#8222;Bürgerbereich&#8220; und ein Bürgerbüro im Generationenbahnhof Erlau. Wir wollen ein gutes Miteinander im ländlichen Raum ermöglichen und fördern.</p>
</div><div class="fusion-text fusion-text-3"><p>Der Verein hat ca. 30 Mitglieder (Stand Januar 2025).</p>
<p><em><strong style="font-size: 18px; color: #a33000;" data-fusion-font="true">Vorstand</strong></em></p>
<p>Jana Ahnert &#8211; Vorsitzende<br />
Dietmar Meißner &#8211; stellv. Vorsitzender<br />
Doreen Mroczek &#8211; Schatzmeisterin</p>
<p><b style="font-size: 18px; letter-spacing: normal;" data-fusion-font="true"><i><span style="color: #a33000;">Meilensteine, Preise und Förderungen</span></i></b></p>
</div><div class="fusion-text fusion-text-4"><p><em><strong>22.05.2014</strong> </em>Gründungsversammlung und Vereinsgründung Generationenbahnhof Erlau e.V. aus der Interessengemeinschaft &#8222;Bahnhof Erlau&#8220; heraus</p>
<p><em><strong>2014-2015</strong> </em>Entwicklung inhaltliches Konzept Generationenbahnhof</p>
<p><em><strong>2015-2017</strong> </em>Förderprogramm &#8222;Neulandgewinner&#8220; (2. Förderrunde): Inhaltlicher Aufbau des Bürgerbereiches im Generationenbahnhof, <a style="background-color: rgba(255, 255, 255, 0); font-family: var(--body_typography-font-family); font-size: var(--body_typography-font-size); font-style: var(--body_typography-font-style,normal); font-weight: var(--body_typography-font-weight); letter-spacing: var(--body_typography-letter-spacing);" href="https://www.neulandgewinner.de/" target="_blank" rel="noopener noreferrer">www.neulandgewinner.de</a></p>
<p><em><strong>2015-2017</strong> </em>maßgebliche Rolle bei Vernetzung, Bürgerbeteiligung, Vertretung der Nutzerinteressen im Planungs- und Sanierungsprozess</p>
<p><em><strong>ab Sept. 2017</strong> </em>Betrieb des Bürgerbereiches im Generationenbahnhof mit Bürgerbüro (2019: ca. 100 Veranstaltungen, ca. 2200 Gäste) in Zusammenarbeit mit weiteren Vereinen und Akteuren der Gemeinde und der Region</p>
<p><em><strong>2017-2020</strong></em> Förderung Modellvorhaben &#8222;Regionalität und Mehrfunktionshäuser&#8220; des BLE, <a style="background-color: rgba(255, 255, 255, 0); font-family: var(--body_typography-font-family); font-size: var(--body_typography-font-size); font-style: var(--body_typography-font-style,normal); font-weight: var(--body_typography-font-weight); letter-spacing: var(--body_typography-letter-spacing);" href="https://www.bmel.de/DE/Laendliche-Raeume/BULE/zukunftsfelder/_texte/Mehrfunktionshaus_Regionalitaet.html" target="_blank" rel="noopener noreferrer">www.bmel.de/DE/Laendliche-Raeume/BULE</a></p>
<p><em><strong>April 2019</strong> </em>1. Preis Vereinswettbewerb &#8222;Wir für die Region&#8220; mit der Idee &#8222;Erlau spielt&#8220;</p>
<p><em><strong>November 2019</strong> </em>Sächsicher Bürgerpreis &#8211; Kategorie &#8222;Miteinander stärken &#8211; Land gestalten (Demokratie)&#8220;, <a style="background-color: rgba(255, 255, 255, 0); font-family: var(--body_typography-font-family); font-size: var(--body_typography-font-size); font-style: var(--body_typography-font-style,normal); font-weight: var(--body_typography-font-weight); letter-spacing: var(--body_typography-letter-spacing);" href="https://www.freistaat.sachsen.de/buergerpreis.htm" target="_blank" rel="noopener noreferrer">www.freistaat.sachsen.de/buergerpreis</a></p>
<p><em><strong>November 2019</strong> </em>3. Preis Sächs. Landeswettbewerb Ländliches Bauen &#8211; Kategorie Öffentliche Bauten, <a style="background-color: rgba(255, 255, 255, 0); font-family: var(--body_typography-font-family); font-size: var(--body_typography-font-size); font-style: var(--body_typography-font-style,normal); font-weight: var(--body_typography-font-weight); letter-spacing: var(--body_typography-letter-spacing);" href="https://www.laendlicher-raum.sachsen.de/2899.htm" target="_blank" rel="noopener noreferrer">www.laendlicher-raum.sachsen.de/2899</a></p>
<p><em><strong>2020 </strong></em>Preis im Vereinswettbewerb &#8222;Wir für die Region&#8220; mit der Idee &#8222;Küchen-Geschichten aufgetischt&#8220;</p>
<p><em><strong>2022 </strong></em>Preis im Vereinswettbewerb &#8222;Wir für die Region&#8220; mit der Idee &#8222;Erlau unterwegs &#8211; Wandern VEREIN(t)&#8220;</p>
<p><em><strong>September 2022 &#8211; Dezember 2024</strong> </em>LEADER-Vorhaben &#8222;Engagiert für gutes (Land)Leben&#8220;, <a href="https://www.smekul.sachsen.de/foerderung/eler-foerderung-in-sachsen-2014-2020-6257.html" target="_blank" rel="noopener noreferrer">https://www.smekul.sachsen.de/foerderung/eler-foerderung-in-sachsen-2014-2020-6257.html</a></p>
<p><em><strong>seit 01.01.2025 </strong></em>Betrieb des Bürgerbereiches im Ehrenamt | Bürgerbüro entfällt</p>
<p><em><strong>April &#8211; Oktober 2025 </strong></em>Fördervorhaben BULEplus Wissenstransfer des BMLEH, <a href="https://land-zukunft.de/" target="_blank" rel="noopener">https://land-zukunft.de/</a></p>
<p style="font-size: 18px;" data-fusion-font="true"><b style="color: #a33000;">Satzung</b></p>
</div><div class="fusion-align-block"><style type="text/css">.fusion-button.button-1 .fusion-button-text, .fusion-button.button-1 i {color:#ffffff;}.fusion-button.button-1 .fusion-button-icon-divider{border-color:#ffffff;}.fusion-button.button-1:hover .fusion-button-text, .fusion-button.button-1:hover i,.fusion-button.button-1:focus .fusion-button-text, .fusion-button.button-1:focus i,.fusion-button.button-1:active .fusion-button-text, .fusion-button.button-1:active{color:#ffffff;}.fusion-button.button-1:hover .fusion-button-icon-divider, .fusion-button.button-1:hover .fusion-button-icon-divider, .fusion-button.button-1:active .fusion-button-icon-divider{border-color:#ffffff;}.fusion-button.button-1:hover, .fusion-button.button-1:focus, .fusion-button.button-1:active{border-color:#ffffff;border-width:5px;}.fusion-button.button-1 {border-color:#ffffff;border-width:5px;border-radius:2px;}.fusion-button.button-1{background: #cecece;}.fusion-button.button-1:hover,.button-1:focus,.fusion-button.button-1:active{background: #c1c1c1;}</style><a class="fusion-button button-flat button-medium button-custom button-1 fusion-button-span-yes fusion-button-default-type" target="_blank" rel="noopener noreferrer" title="Satzung" href="https://www.generationenbahnhof.de/wp-content/uploads/2020/01/Satzung.pdf"><span class="fusion-button-icon-divider button-icon-divider-left"><i class="fa-file-download fas" aria-hidden="true"></i></span><span class="fusion-button-text fusion-button-text-left">Satzung Generationenbahnhof Erlau e.V.</span></a></div><div class="fusion-text fusion-text-5"><p><span style="font-size: 18px;" data-fusion-font="true"><b> </b></span></p>
<p><span style="font-size: 18px;" data-fusion-font="true"><b style="color: #a33000;">Mitgliedsantrag</b></span></p>
</div><div class="fusion-align-block"><style type="text/css">.fusion-button.button-2 .fusion-button-text, .fusion-button.button-2 i {color:#ffffff;}.fusion-button.button-2 .fusion-button-icon-divider{border-color:#ffffff;}.fusion-button.button-2:hover .fusion-button-text, .fusion-button.button-2:hover i,.fusion-button.button-2:focus .fusion-button-text, .fusion-button.button-2:focus i,.fusion-button.button-2:active .fusion-button-text, .fusion-button.button-2:active{color:#ffffff;}.fusion-button.button-2:hover .fusion-button-icon-divider, .fusion-button.button-2:hover .fusion-button-icon-divider, .fusion-button.button-2:active .fusion-button-icon-divider{border-color:#ffffff;}.fusion-button.button-2:hover, .fusion-button.button-2:focus, .fusion-button.button-2:active{border-color:#ffffff;border-width:5px;}.fusion-button.button-2 {border-color:#ffffff;border-width:5px;border-radius:2px;}.fusion-button.button-2{background: #cecece;}.fusion-button.button-2:hover,.button-2:focus,.fusion-button.button-2:active{background: #c1c1c1;}.fusion-button.button-2 .fusion-button-text {text-transform:uppercase;}</style><a class="fusion-button button-flat button-medium button-custom button-2 fusion-button-span-yes fusion-button-default-type" target="_blank" rel="noopener noreferrer" href="https://www.generationenbahnhof.de/wp-content/uploads/2020/01/Mitgliedsantrag-2020.pdf"><span class="fusion-button-icon-divider button-icon-divider-left"><i class="fa-file-download fas" aria-hidden="true"></i></span><span class="fusion-button-text fusion-button-text-left">Mitgliedsantrag</span></a></div><div class="fusion-clearfix"></div></div></div></div></div>
