{"id":251,"date":"2019-03-04T15:05:48","date_gmt":"2019-03-04T14:05:48","guid":{"rendered":"http:\/\/www.generationenbahnhof.de\/?page_id=251"},"modified":"2025-10-31T15:00:40","modified_gmt":"2025-10-31T14:00:40","slug":"netzwerk","status":"publish","type":"page","link":"https:\/\/www.generationenbahnhof.de\/startseite\/netzwerk\/","title":{"rendered":"Netzwerk"},"content":{"rendered":"<p><div class=\"fusion-fullwidth fullwidth-box fusion-builder-row-1 nonhundred-percent-fullwidth non-hundred-percent-height-scrolling\" style=\"background-color: rgba(255,255,255,0);background-position: center center;background-repeat: no-repeat;padding-top:0px;padding-right:0px;padding-bottom:0px;padding-left:0px;margin-bottom: 0px;margin-top: 0px;border-width: 0px 0px 0px 0px;border-color:#eae9e9;border-style:solid;\" ><div class=\"fusion-builder-row fusion-row\"><div class=\"fusion-layout-column fusion_builder_column fusion-builder-column-0 fusion_builder_column_3_4 3_4 fusion-three-fourth fusion-column-first\" style=\"width:74%; margin-right: 4%;margin-top:0px;margin-bottom:0px;\"><div class=\"fusion-column-wrapper fusion-flex-column-wrapper-legacy\" style=\"background-position:left top;background-repeat:no-repeat;-webkit-background-size:cover;-moz-background-size:cover;-o-background-size:cover;background-size:cover;background-color:#ffffff;padding: 0px 0px 0px 0px;\"><div class=\"fusion-text fusion-text-1\"><h1><span style=\"font-family: Amatic SC;\"><span style=\"font-size: xx-large;\">Neuland gewinnen e.V.<\/span><\/span><span style=\"color: #800000; font-size: xx-large;\"><span style=\"font-family: Amatic SC;\"><br \/>\n<\/span><\/span><\/h1>\n<\/div><div class=\"fusion-text fusion-text-2\"><p>Ausgehend von unserer F\u00f6rderung NEULANDGEWINNER 2015-2017 sind wir im Neulandgewinner-Netzwerk aktiv. Seit 2020 fungiert der Generationenbahnhof Erlau als &#8222;Regionalknoten&#8220; innerhalb dieses Netzwerkes.<\/p>\n<p>Der Verein Neuland gewinnnen e.V. wurde 2017 gegr\u00fcndet und unterst\u00fctzt die praktischen Macher, die sich gemeinsam f\u00fcr eine lebenswerte Zukunft im l\u00e4ndlichen Raum einsetzen und dessen Gestaltung selbst in die Hand nehmen. Ziel ist es, dem b\u00fcrgerschaftlichem Engagement in den D\u00f6rfern und Gemeinden eine Lobby zu geben &#8211; und sichtbarer zu machen, wie lebenswert Ostdeutschland ist \u2013 auch als Partner des Netzwerks <strong>landlebtdoch<\/strong>.<\/p>\n<p><a href=\"https:\/\/neulandgewinnen.de\" target=\"_blank\" rel=\"noopener\">https:\/\/neulandgewinnen.de<\/a><\/p>\n<p><a href=\"https:\/\/landlebtdoch.de\" target=\"_blank\" rel=\"noopener\">https:\/\/landlebtdoch.de<\/a><\/p>\n<\/div><span class=\" fusion-imageframe imageframe-none imageframe-1 hover-type-none\" style=\"border:7px solid #ffffff;margin-right:25px;float:left;\"><img decoding=\"async\" width=\"2000\" height=\"817\" alt=\"Alter Bahnhof\" title=\"NLGeV\" src=\"https:\/\/www.generationenbahnhof.de\/wp-content\/uploads\/2025\/10\/NLGeV.jpg\" class=\"img-responsive wp-image-1174\" srcset=\"https:\/\/www.generationenbahnhof.de\/wp-content\/uploads\/2025\/10\/NLGeV-200x82.jpg 200w, https:\/\/www.generationenbahnhof.de\/wp-content\/uploads\/2025\/10\/NLGeV-400x163.jpg 400w, https:\/\/www.generationenbahnhof.de\/wp-content\/uploads\/2025\/10\/NLGeV-600x245.jpg 600w, https:\/\/www.generationenbahnhof.de\/wp-content\/uploads\/2025\/10\/NLGeV-800x327.jpg 800w, https:\/\/www.generationenbahnhof.de\/wp-content\/uploads\/2025\/10\/NLGeV-1200x490.jpg 1200w, https:\/\/www.generationenbahnhof.de\/wp-content\/uploads\/2025\/10\/NLGeV.jpg 2000w\" sizes=\"(max-width: 800px) 100vw, 800px\" \/><\/span><div class=\"fusion-clearfix\"><\/div><\/div><\/div><div class=\"fusion-layout-column fusion_builder_column fusion-builder-column-1 fusion_builder_column_1_4 1_4 fusion-one-fourth fusion-column-last\" style=\"width:22%;margin-top:0px;margin-bottom:20px;\"><div class=\"fusion-column-wrapper fusion-flex-column-wrapper-legacy\" style=\"background-position:left top;background-repeat:no-repeat;-webkit-background-size:cover;-moz-background-size:cover;-o-background-size:cover;background-size:cover;padding: 0px 0px 0px 0px;\"><div class=\"fusion-text fusion-text-3\"><p>Wir wurden gef\u00f6rdert aus folgenden Programmen:<\/p>\n<\/div><div class=\"fusion-text fusion-text-4\"><p>BULEplus 2025<\/p>\n<\/div><span class=\" fusion-imageframe imageframe-none imageframe-2 hover-type-none\" style=\"border:8px solid #ffffff;\"><a class=\"fusion-no-lightbox\" href=\"https:\/\/www.generationenbahnhof.de\/?page_id=255\" target=\"_self\" aria-label=\"BMLEH_Fz_2025_Office_de\"><img decoding=\"async\" width=\"600\" height=\"488\" alt=\"EPLR\" src=\"https:\/\/www.generationenbahnhof.de\/wp-content\/uploads\/2025\/10\/BMLEH_Fz_2025_Office_de.jpg\" class=\"img-responsive wp-image-1081\" srcset=\"https:\/\/www.generationenbahnhof.de\/wp-content\/uploads\/2025\/10\/BMLEH_Fz_2025_Office_de-200x163.jpg 200w, https:\/\/www.generationenbahnhof.de\/wp-content\/uploads\/2025\/10\/BMLEH_Fz_2025_Office_de-400x325.jpg 400w, https:\/\/www.generationenbahnhof.de\/wp-content\/uploads\/2025\/10\/BMLEH_Fz_2025_Office_de.jpg 600w\" sizes=\"(max-width: 800px) 100vw, 400px\" \/><\/a><\/span><div class=\"fusion-text fusion-text-5\"><p>LEADER 2014-2020<\/p>\n<\/div><span class=\" fusion-imageframe imageframe-none imageframe-3 hover-type-none\" style=\"border:8px solid #ffffff;\"><a class=\"fusion-no-lightbox\" href=\"https:\/\/www.generationenbahnhof.de\/?page_id=255\" target=\"_self\" aria-label=\"2-SMUL_LO_EPLR-RGB-RZ-gross\"><img decoding=\"async\" width=\"300\" height=\"67\" alt=\"EPLR\" src=\"https:\/\/www.generationenbahnhof.de\/wp-content\/uploads\/2019\/01\/2-SMUL_LO_EPLR-RGB-RZ-gross-300x67.jpg\" class=\"img-responsive wp-image-51\" srcset=\"https:\/\/www.generationenbahnhof.de\/wp-content\/uploads\/2019\/01\/2-SMUL_LO_EPLR-RGB-RZ-gross-200x45.jpg 200w, https:\/\/www.generationenbahnhof.de\/wp-content\/uploads\/2019\/01\/2-SMUL_LO_EPLR-RGB-RZ-gross-400x90.jpg 400w, https:\/\/www.generationenbahnhof.de\/wp-content\/uploads\/2019\/01\/2-SMUL_LO_EPLR-RGB-RZ-gross-600x135.jpg 600w, https:\/\/www.generationenbahnhof.de\/wp-content\/uploads\/2019\/01\/2-SMUL_LO_EPLR-RGB-RZ-gross-800x180.jpg 800w, https:\/\/www.generationenbahnhof.de\/wp-content\/uploads\/2019\/01\/2-SMUL_LO_EPLR-RGB-RZ-gross-1200x270.jpg 1200w\" sizes=\"(max-width: 800px) 100vw, 400px\" \/><\/a><\/span><span class=\" fusion-imageframe imageframe-none imageframe-4 hover-type-none\" style=\"border:8px solid #ffffff;\"><a class=\"fusion-no-lightbox\" href=\"https:\/\/www.generationenbahnhof.de\/?page_id=255\" target=\"_self\" aria-label=\"leader_logo_rgb\"><img decoding=\"async\" width=\"1007\" height=\"1013\" alt=\"EPLR\" src=\"https:\/\/www.generationenbahnhof.de\/wp-content\/uploads\/2023\/10\/leader_logo_rgb.jpg\" class=\"img-responsive wp-image-854\" srcset=\"https:\/\/www.generationenbahnhof.de\/wp-content\/uploads\/2023\/10\/leader_logo_rgb-200x201.jpg 200w, https:\/\/www.generationenbahnhof.de\/wp-content\/uploads\/2023\/10\/leader_logo_rgb-400x402.jpg 400w, https:\/\/www.generationenbahnhof.de\/wp-content\/uploads\/2023\/10\/leader_logo_rgb-600x604.jpg 600w, https:\/\/www.generationenbahnhof.de\/wp-content\/uploads\/2023\/10\/leader_logo_rgb-800x805.jpg 800w, https:\/\/www.generationenbahnhof.de\/wp-content\/uploads\/2023\/10\/leader_logo_rgb.jpg 1007w\" sizes=\"(max-width: 800px) 100vw, 400px\" \/><\/a><\/span><div class=\"fusion-text fusion-text-6\"><p>NEULANDGEWINNER<\/p>\n<\/div><span class=\" fusion-imageframe imageframe-none imageframe-5 hover-type-none\" style=\"border:8px solid #ffffff;\"><a class=\"fusion-no-lightbox\" href=\"https:\/\/www.generationenbahnhof.de\/?page_id=255\" target=\"_self\" aria-label=\"1-NLG 07 Signet Negativ WEB\"><img decoding=\"async\" width=\"369\" height=\"312\" alt=\"Neulandgewinner\" src=\"https:\/\/www.generationenbahnhof.de\/wp-content\/uploads\/2019\/01\/1-NLG-07-Signet-Negativ-WEB.jpg\" class=\"img-responsive wp-image-50\" srcset=\"https:\/\/www.generationenbahnhof.de\/wp-content\/uploads\/2019\/01\/1-NLG-07-Signet-Negativ-WEB-200x169.jpg 200w, https:\/\/www.generationenbahnhof.de\/wp-content\/uploads\/2019\/01\/1-NLG-07-Signet-Negativ-WEB.jpg 369w\" sizes=\"(max-width: 800px) 100vw, 369px\" \/><\/a><\/span><div class=\"fusion-text fusion-text-7\"><p>BLE MODELLVORHABEN<\/p>\n<\/div><span class=\" fusion-imageframe imageframe-none imageframe-6 hover-type-none\" style=\"border:8px solid #ffffff;\"><img decoding=\"async\" width=\"300\" height=\"144\" title=\"3-kombimarke_gefoerdertbmel_ble_ptble\" src=\"https:\/\/www.generationenbahnhof.de\/wp-content\/uploads\/2019\/01\/3-kombimarke_gefoerdertbmel_ble_ptble-300x144.jpg\" class=\"img-responsive wp-image-48\" srcset=\"https:\/\/www.generationenbahnhof.de\/wp-content\/uploads\/2019\/01\/3-kombimarke_gefoerdertbmel_ble_ptble-200x96.jpg 200w, https:\/\/www.generationenbahnhof.de\/wp-content\/uploads\/2019\/01\/3-kombimarke_gefoerdertbmel_ble_ptble-400x191.jpg 400w, https:\/\/www.generationenbahnhof.de\/wp-content\/uploads\/2019\/01\/3-kombimarke_gefoerdertbmel_ble_ptble-600x287.jpg 600w, https:\/\/www.generationenbahnhof.de\/wp-content\/uploads\/2019\/01\/3-kombimarke_gefoerdertbmel_ble_ptble-800x383.jpg 800w, https:\/\/www.generationenbahnhof.de\/wp-content\/uploads\/2019\/01\/3-kombimarke_gefoerdertbmel_ble_ptble-1200x574.jpg 1200w\" sizes=\"(max-width: 800px) 100vw, 400px\" \/><\/span><div class=\"fusion-text fusion-text-8\"><p>WIR F\u00dcR SACHSEN<\/p>\n<\/div><span class=\" fusion-imageframe imageframe-none imageframe-7 hover-type-none\" style=\"border:8px solid #ffffff;\"><a class=\"fusion-no-lightbox\" href=\"https:\/\/www.generationenbahnhof.de\/?page_id=255\" target=\"_self\" aria-label=\"wfS_logo_neu_rdax_780x523_87\"><img decoding=\"async\" width=\"780\" height=\"523\" alt=\"Landaufschwung\" src=\"https:\/\/www.generationenbahnhof.de\/wp-content\/uploads\/2023\/10\/wfS_logo_neu_rdax_780x523_87.png\" class=\"img-responsive wp-image-853\" srcset=\"https:\/\/www.generationenbahnhof.de\/wp-content\/uploads\/2023\/10\/wfS_logo_neu_rdax_780x523_87-200x134.png 200w, https:\/\/www.generationenbahnhof.de\/wp-content\/uploads\/2023\/10\/wfS_logo_neu_rdax_780x523_87-400x268.png 400w, https:\/\/www.generationenbahnhof.de\/wp-content\/uploads\/2023\/10\/wfS_logo_neu_rdax_780x523_87-600x402.png 600w, https:\/\/www.generationenbahnhof.de\/wp-content\/uploads\/2023\/10\/wfS_logo_neu_rdax_780x523_87.png 780w\" sizes=\"(max-width: 800px) 100vw, 400px\" \/><\/a><\/span><div class=\"fusion-text fusion-text-9\"><p>EHRENAMTSF\u00d6RDERUNG DES LANDKREISES MITTELSACHSEN<\/p>\n<\/div><div class=\"fusion-text fusion-text-10\"><p>LANDAUFSCHWUNG<\/p>\n<\/div><span class=\" fusion-imageframe imageframe-none imageframe-8 hover-type-none\" style=\"border:8px solid #ffffff;\"><a class=\"fusion-no-lightbox\" href=\"https:\/\/www.generationenbahnhof.de\/?page_id=255\" target=\"_self\" aria-label=\"4-Logo-LandAufSchwung.jpg_319865977__1_\"><img decoding=\"async\" width=\"300\" height=\"168\" alt=\"Landaufschwung\" src=\"https:\/\/www.generationenbahnhof.de\/wp-content\/uploads\/2019\/01\/4-Logo-LandAufSchwung.jpg_319865977__1_-300x168.jpg\" class=\"img-responsive wp-image-49\" srcset=\"https:\/\/www.generationenbahnhof.de\/wp-content\/uploads\/2019\/01\/4-Logo-LandAufSchwung.jpg_319865977__1_-200x112.jpg 200w, https:\/\/www.generationenbahnhof.de\/wp-content\/uploads\/2019\/01\/4-Logo-LandAufSchwung.jpg_319865977__1_-400x225.jpg 400w, https:\/\/www.generationenbahnhof.de\/wp-content\/uploads\/2019\/01\/4-Logo-LandAufSchwung.jpg_319865977__1_.jpg 438w\" sizes=\"(max-width: 800px) 100vw, 400px\" \/><\/a><\/span><div class=\"fusion-clearfix\"><\/div><\/div><\/div><\/div><\/div><div class=\"fusion-fullwidth fullwidth-box fusion-builder-row-2 nonhundred-percent-fullwidth non-hundred-percent-height-scrolling\" style=\"background-color: rgba(255,255,255,0);background-position: center center;background-repeat: no-repeat;padding-top:0px;padding-right:0px;padding-bottom:0px;padding-left:0px;margin-bottom: 0px;margin-top: 0px;border-width: 0px 0px 0px 0px;border-color:#eae9e9;border-style:solid;\" ><div class=\"fusion-builder-row fusion-row\"><\/div><\/div><\/p>\n","protected":false},"excerpt":{"rendered":"","protected":false},"author":1,"featured_media":0,"parent":0,"menu_order":0,"comment_status":"closed","ping_status":"closed","template":"","meta":{"footnotes":""},"class_list":["post-251","page","type-page","status-publish","hentry"],"_links":{"self":[{"href":"https:\/\/www.generationenbahnhof.de\/startseite\/wp-json\/wp\/v2\/pages\/251","targetHints":{"allow":["GET"]}}],"collection":[{"href":"https:\/\/www.generationenbahnhof.de\/startseite\/wp-json\/wp\/v2\/pages"}],"about":[{"href":"https:\/\/www.generationenbahnhof.de\/startseite\/wp-json\/wp\/v2\/types\/page"}],"author":[{"embeddable":true,"href":"https:\/\/www.generationenbahnhof.de\/startseite\/wp-json\/wp\/v2\/users\/1"}],"replies":[{"embeddable":true,"href":"https:\/\/www.generationenbahnhof.de\/startseite\/wp-json\/wp\/v2\/comments?post=251"}],"version-history":[{"count":65,"href":"https:\/\/www.generationenbahnhof.de\/startseite\/wp-json\/wp\/v2\/pages\/251\/revisions"}],"predecessor-version":[{"id":1177,"href":"https:\/\/www.generationenbahnhof.de\/startseite\/wp-json\/wp\/v2\/pages\/251\/revisions\/1177"}],"wp:attachment":[{"href":"https:\/\/www.generationenbahnhof.de\/startseite\/wp-json\/wp\/v2\/media?parent=251"}],"curies":[{"name":"wp","href":"https:\/\/api.w.org\/{rel}","templated":true}]}}

<p><div class="fusion-fullwidth fullwidth-box fusion-builder-row-1 nonhundred-percent-fullwidth non-hundred-percent-height-scrolling" style="background-color: rgba(255,255,255,0);background-position: center center;background-repeat: no-repeat;padding-top:0px;padding-right:0px;padding-bottom:0px;padding-left:0px;margin-bottom: 0px;margin-top: 0px;border-width: 0px 0px 0px 0px;border-color:#eae9e9;border-style:solid;" ><div class="fusion-builder-row fusion-row"><div class="fusion-layout-column fusion_builder_column fusion-builder-column-0 fusion_builder_column_3_4 3_4 fusion-three-fourth fusion-column-first" style="width:74%; margin-right: 4%;margin-top:0px;margin-bottom:0px;"><div class="fusion-column-wrapper fusion-flex-column-wrapper-legacy" style="background-position:left top;background-repeat:no-repeat;-webkit-background-size:cover;-moz-background-size:cover;-o-background-size:cover;background-size:cover;background-color:#ffffff;padding: 0px 0px 0px 0px;"><div class="fusion-text fusion-text-1"><h1><span style="font-family: Amatic SC;"><span style="font-size: xx-large;">Neuland gewinnen e.V.</span></span><span style="color: #800000; font-size: xx-large;"><span style="font-family: Amatic SC;"><br />
</span></span></h1>
</div><div class="fusion-text fusion-text-2"><p>Ausgehend von unserer Förderung NEULANDGEWINNER 2015-2017 sind wir im Neulandgewinner-Netzwerk aktiv. Seit 2020 fungiert der Generationenbahnhof Erlau als &#8222;Regionalknoten&#8220; innerhalb dieses Netzwerkes.</p>
<p>Der Verein Neuland gewinnnen e.V. wurde 2017 gegründet und unterstützt die praktischen Macher, die sich gemeinsam für eine lebenswerte Zukunft im ländlichen Raum einsetzen und dessen Gestaltung selbst in die Hand nehmen. Ziel ist es, dem bürgerschaftlichem Engagement in den Dörfern und Gemeinden eine Lobby zu geben &#8211; und sichtbarer zu machen, wie lebenswert Ostdeutschland ist – auch als Partner des Netzwerks <strong>landlebtdoch</strong>.</p>
<p><a href="https://neulandgewinnen.de" target="_blank" rel="noopener">https://neulandgewinnen.de</a></p>
<p><a href="https://landlebtdoch.de" target="_blank" rel="noopener">https://landlebtdoch.de</a></p>
</div><span class=" fusion-imageframe imageframe-none imageframe-1 hover-type-none" style="border:7px solid #ffffff;margin-right:25px;float:left;"><img decoding="async" width="2000" height="817" alt="Alter Bahnhof" title="NLGeV" src="https://www.generationenbahnhof.de/wp-content/uploads/2025/10/NLGeV.jpg" class="img-responsive wp-image-1174" srcset="https://www.generationenbahnhof.de/wp-content/uploads/2025/10/NLGeV-200x82.jpg 200w, https://www.generationenbahnhof.de/wp-content/uploads/2025/10/NLGeV-400x163.jpg 400w, https://www.generationenbahnhof.de/wp-content/uploads/2025/10/NLGeV-600x245.jpg 600w, https://www.generationenbahnhof.de/wp-content/uploads/2025/10/NLGeV-800x327.jpg 800w, https://www.generationenbahnhof.de/wp-content/uploads/2025/10/NLGeV-1200x490.jpg 1200w, https://www.generationenbahnhof.de/wp-content/uploads/2025/10/NLGeV.jpg 2000w" sizes="(max-width: 800px) 100vw, 800px" /></span><div class="fusion-clearfix"></div></div></div><div class="fusion-layout-column fusion_builder_column fusion-builder-column-1 fusion_builder_column_1_4 1_4 fusion-one-fourth fusion-column-last" style="width:22%;margin-top:0px;margin-bottom:20px;"><div class="fusion-column-wrapper fusion-flex-column-wrapper-legacy" style="background-position:left top;background-repeat:no-repeat;-webkit-background-size:cover;-moz-background-size:cover;-o-background-size:cover;background-size:cover;padding: 0px 0px 0px 0px;"><div class="fusion-text fusion-text-3"><p>Wir wurden gefördert aus folgenden Programmen:</p>
</div><div class="fusion-text fusion-text-4"><p>BULEplus 2025</p>
</div><span class=" fusion-imageframe imageframe-none imageframe-2 hover-type-none" style="border:8px solid #ffffff;"><a class="fusion-no-lightbox" href="https://www.generationenbahnhof.de/?page_id=255" target="_self" aria-label="BMLEH_Fz_2025_Office_de"><img decoding="async" width="600" height="488" alt="EPLR" src="https://www.generationenbahnhof.de/wp-content/uploads/2025/10/BMLEH_Fz_2025_Office_de.jpg" class="img-responsive wp-image-1081" srcset="https://www.generationenbahnhof.de/wp-content/uploads/2025/10/BMLEH_Fz_2025_Office_de-200x163.jpg 200w, https://www.generationenbahnhof.de/wp-content/uploads/2025/10/BMLEH_Fz_2025_Office_de-400x325.jpg 400w, https://www.generationenbahnhof.de/wp-content/uploads/2025/10/BMLEH_Fz_2025_Office_de.jpg 600w" sizes="(max-width: 800px) 100vw, 400px" /></a></span><div class="fusion-text fusion-text-5"><p>LEADER 2014-2020</p>
</div><span class=" fusion-imageframe imageframe-none imageframe-3 hover-type-none" style="border:8px solid #ffffff;"><a class="fusion-no-lightbox" href="https://www.generationenbahnhof.de/?page_id=255" target="_self" aria-label="2-SMUL_LO_EPLR-RGB-RZ-gross"><img decoding="async" width="300" height="67" alt="EPLR" src="https://www.generationenbahnhof.de/wp-content/uploads/2019/01/2-SMUL_LO_EPLR-RGB-RZ-gross-300x67.jpg" class="img-responsive wp-image-51" srcset="https://www.generationenbahnhof.de/wp-content/uploads/2019/01/2-SMUL_LO_EPLR-RGB-RZ-gross-200x45.jpg 200w, https://www.generationenbahnhof.de/wp-content/uploads/2019/01/2-SMUL_LO_EPLR-RGB-RZ-gross-400x90.jpg 400w, https://www.generationenbahnhof.de/wp-content/uploads/2019/01/2-SMUL_LO_EPLR-RGB-RZ-gross-600x135.jpg 600w, https://www.generationenbahnhof.de/wp-content/uploads/2019/01/2-SMUL_LO_EPLR-RGB-RZ-gross-800x180.jpg 800w, https://www.generationenbahnhof.de/wp-content/uploads/2019/01/2-SMUL_LO_EPLR-RGB-RZ-gross-1200x270.jpg 1200w" sizes="(max-width: 800px) 100vw, 400px" /></a></span><span class=" fusion-imageframe imageframe-none imageframe-4 hover-type-none" style="border:8px solid #ffffff;"><a class="fusion-no-lightbox" href="https://www.generationenbahnhof.de/?page_id=255" target="_self" aria-label="leader_logo_rgb"><img decoding="async" width="1007" height="1013" alt="EPLR" src="https://www.generationenbahnhof.de/wp-content/uploads/2023/10/leader_logo_rgb.jpg" class="img-responsive wp-image-854" srcset="https://www.generationenbahnhof.de/wp-content/uploads/2023/10/leader_logo_rgb-200x201.jpg 200w, https://www.generationenbahnhof.de/wp-content/uploads/2023/10/leader_logo_rgb-400x402.jpg 400w, https://www.generationenbahnhof.de/wp-content/uploads/2023/10/leader_logo_rgb-600x604.jpg 600w, https://www.generationenbahnhof.de/wp-content/uploads/2023/10/leader_logo_rgb-800x805.jpg 800w, https://www.generationenbahnhof.de/wp-content/uploads/2023/10/leader_logo_rgb.jpg 1007w" sizes="(max-width: 800px) 100vw, 400px" /></a></span><div class="fusion-text fusion-text-6"><p>NEULANDGEWINNER</p>
</div><span class=" fusion-imageframe imageframe-none imageframe-5 hover-type-none" style="border:8px solid #ffffff;"><a class="fusion-no-lightbox" href="https://www.generationenbahnhof.de/?page_id=255" target="_self" aria-label="1-NLG 07 Signet Negativ WEB"><img decoding="async" width="369" height="312" alt="Neulandgewinner" src="https://www.generationenbahnhof.de/wp-content/uploads/2019/01/1-NLG-07-Signet-Negativ-WEB.jpg" class="img-responsive wp-image-50" srcset="https://www.generationenbahnhof.de/wp-content/uploads/2019/01/1-NLG-07-Signet-Negativ-WEB-200x169.jpg 200w, https://www.generationenbahnhof.de/wp-content/uploads/2019/01/1-NLG-07-Signet-Negativ-WEB.jpg 369w" sizes="(max-width: 800px) 100vw, 369px" /></a></span><div class="fusion-text fusion-text-7"><p>BLE MODELLVORHABEN</p>
</div><span class=" fusion-imageframe imageframe-none imageframe-6 hover-type-none" style="border:8px solid #ffffff;"><img decoding="async" width="300" height="144" title="3-kombimarke_gefoerdertbmel_ble_ptble" src="https://www.generationenbahnhof.de/wp-content/uploads/2019/01/3-kombimarke_gefoerdertbmel_ble_ptble-300x144.jpg" class="img-responsive wp-image-48" srcset="https://www.generationenbahnhof.de/wp-content/uploads/2019/01/3-kombimarke_gefoerdertbmel_ble_ptble-200x96.jpg 200w, https://www.generationenbahnhof.de/wp-content/uploads/2019/01/3-kombimarke_gefoerdertbmel_ble_ptble-400x191.jpg 400w, https://www.generationenbahnhof.de/wp-content/uploads/2019/01/3-kombimarke_gefoerdertbmel_ble_ptble-600x287.jpg 600w, https://www.generationenbahnhof.de/wp-content/uploads/2019/01/3-kombimarke_gefoerdertbmel_ble_ptble-800x383.jpg 800w, https://www.generationenbahnhof.de/wp-content/uploads/2019/01/3-kombimarke_gefoerdertbmel_ble_ptble-1200x574.jpg 1200w" sizes="(max-width: 800px) 100vw, 400px" /></span><div class="fusion-text fusion-text-8"><p>WIR FÜR SACHSEN</p>
</div><span class=" fusion-imageframe imageframe-none imageframe-7 hover-type-none" style="border:8px solid #ffffff;"><a class="fusion-no-lightbox" href="https://www.generationenbahnhof.de/?page_id=255" target="_self" aria-label="wfS_logo_neu_rdax_780x523_87"><img decoding="async" width="780" height="523" alt="Landaufschwung" src="https://www.generationenbahnhof.de/wp-content/uploads/2023/10/wfS_logo_neu_rdax_780x523_87.png" class="img-responsive wp-image-853" srcset="https://www.generationenbahnhof.de/wp-content/uploads/2023/10/wfS_logo_neu_rdax_780x523_87-200x134.png 200w, https://www.generationenbahnhof.de/wp-content/uploads/2023/10/wfS_logo_neu_rdax_780x523_87-400x268.png 400w, https://www.generationenbahnhof.de/wp-content/uploads/2023/10/wfS_logo_neu_rdax_780x523_87-600x402.png 600w, https://www.generationenbahnhof.de/wp-content/uploads/2023/10/wfS_logo_neu_rdax_780x523_87.png 780w" sizes="(max-width: 800px) 100vw, 400px" /></a></span><div class="fusion-text fusion-text-9"><p>EHRENAMTSFÖRDERUNG DES LANDKREISES MITTELSACHSEN</p>
</div><div class="fusion-text fusion-text-10"><p>LANDAUFSCHWUNG</p>
</div><span class=" fusion-imageframe imageframe-none imageframe-8 hover-type-none" style="border:8px solid #ffffff;"><a class="fusion-no-lightbox" href="https://www.generationenbahnhof.de/?page_id=255" target="_self" aria-label="4-Logo-LandAufSchwung.jpg_319865977__1_"><img decoding="async" width="300" height="168" alt="Landaufschwung" src="https://www.generationenbahnhof.de/wp-content/uploads/2019/01/4-Logo-LandAufSchwung.jpg_319865977__1_-300x168.jpg" class="img-responsive wp-image-49" srcset="https://www.generationenbahnhof.de/wp-content/uploads/2019/01/4-Logo-LandAufSchwung.jpg_319865977__1_-200x112.jpg 200w, https://www.generationenbahnhof.de/wp-content/uploads/2019/01/4-Logo-LandAufSchwung.jpg_319865977__1_-400x225.jpg 400w, https://www.generationenbahnhof.de/wp-content/uploads/2019/01/4-Logo-LandAufSchwung.jpg_319865977__1_.jpg 438w" sizes="(max-width: 800px) 100vw, 400px" /></a></span><div class="fusion-clearfix"></div></div></div></div></div><div class="fusion-fullwidth fullwidth-box fusion-builder-row-2 nonhundred-percent-fullwidth non-hundred-percent-height-scrolling" style="background-color: rgba(255,255,255,0);background-position: center center;background-repeat: no-repeat;padding-top:0px;padding-right:0px;padding-bottom:0px;padding-left:0px;margin-bottom: 0px;margin-top: 0px;border-width: 0px 0px 0px 0px;border-color:#eae9e9;border-style:solid;" ><div class="fusion-builder-row fusion-row"></div></div></p>
